239*j - 1116821. Determine t(-179).
-40
Let i(k) = 360*k + 22721. Give i(-58).
1841
Let r(x) = 4*x**2 + 291*x - 808. Give r(-75).
-133
Let k(o) = 12*o**2 + 4275*o - 7820. What is k(-358)?
-302
Let u(b) = 3*b**3 - 20*b**2 - 153*b + 104. What is u(11)?
-6
Let u(d) = -14*d**3 + 4*d**2 + 84*d - 185. Calculate u(2).
-113
Let y(z) = -132462*z + 7682835. Determine y(58).
39
Let s(j) = 9*j + 23. Calculate s(15).
158
Let a(i) = -4*i**3 + 112*i**2 - 2183*i + 61119. What is a(28)?
-5
Let z(n) = -5773*n + 4583818. Give z(794).
56
Let o(j) = 4*j**2 + 873*j + 9132. Give o(-11).
13
Let z(v) = -2932*v - 313191. Calculate z(-107).
533
Let n(r) = -225*r - 12066. What is n(-40)?
-3066
Let m(b) = b**3 - 50*b**2 + 251*b - 7439. What is m(48)?
1
Let b(t) = t**3 + 32*t**2 - 831*t - 27. Give b(17).
7
Let v(n) = -12*n**2 - 680*n - 1012. Determine v(-54).
716
Let b(n) = 2091*n**2 - 22973*n - 299. Give b(11).
9
Let j(b) = 3*b**3 + 711*b**2 - 42*b - 10025. Give j(-237).
-71
Let h(q) = 16*q**2 + 6706*q + 6695. What is h(-1)?
5
Let u(g) = 377*g - 86803. What is u(230)?
-93
Let p(z) = -z**3 - 2*z**2 - 46*z + 179. What is p(5)?
-226
Let r(c) = 3*c**3 + 238*c**2 - 12905*c - 298. Determine r(37).
-2
Let v(c) = c**3 - 164*c**2 - 1731*c - 1638. Give v(174).
-72
Let a(y) = y**3 + 64*y**2 + 1169*y + 6396. Give a(-16).
-20
Let o(f) = -7014*f + 1346684. Determine o(192).
-4
Let b(l) = 8616*l - 8619. Give b(1).
-3
Let m(r) = -9*r**3 + 39*r**2 - 42*r + 6. Give m(7).
-1464
Let r(h) = h**3 + 2*h**2 + 455*h + 4161. Give r(-9).
-501
Let s(f) = 2*f**3 - 2311*f**2 + 33074*f + 17113. Give s(1141).
-2
Let v(o) = 12*o**3 + 57*o**2 - 195*o - 23. Determine v(-7).
19
Let a(o) = -288*o - 22119. What is a(-78)?
345
Let f(q) = -q**2 - 910*q - 8954. Determine f(-10).
46
Let y(i) = i**3 - 7*i**2 - 47*i + 399. Give y(7).
70
Let w(i) = -19*i**3 - 18*i**2 + 27*i - 11. Determine w(4).
-1407
Let p(y) = 4*y**3 + 55*y**2 - 5*y - 520. What is p(-17)?
-4192
Let o(f) = -4*f**3 + 212*f**2 + 2007*f - 2031. Determine o(-9).
-6
Let f(w) = -w**3 + 227*w**2 - 2970*w - 2542. What is f(213)?
14
Let k(z) = -92*z**2 - 502*z - 526. Determine k(-1).
-116
Let a(m) = 3*m**2 - 106*m + 1269. What is a(0)?
1269
Let o(z) = -z**3 - 45*z**2 + 1933*z - 849. Determine o(-72).
-57
Let o(q) = -6*q**2 + 353*q + 5569. Give o(-13).
-34
Let z(m) = m**2 - 13650*m + 177289. Calculate z(13).
8
Let i(o) = 1632*o - 394370. What is i(242)?
574
Let x(l) = 128200*l - 9999618. What is x(78)?
-18
Let n(r) = r**3 + 131*r**2 + 256*r - 236. Determine n(-129).
22
Let v(s) = -s**3 - 9*s**2 + 4762*s + 61234. Give v(-13).
4
Let w(v) = 2*v**3 - 35*v**2 + 191*v - 496. What is w(11)?
32
Let s(r) = -2*r**3 - 63*r**2 - 332*r - 17077. What is s(-34)?
-9
Let c(l) = -31814*l - 63618. Give c(-2).
10
Let z(n) = 1326*n - 8187. What is z(7)?
1095
Let b(w) = 5722*w + 394825. Determine b(-69).
7
Let t(w) = 353*w + 15156. Give t(-43).
-23
Let s(d) = -69*d**2 - 110*d + 291. Determine s(5).
-1984
Let g(i) = -39540*i - 553558. Give g(-14).
2
Let z(p) = -1319*p + 33835. Give z(25).
860
Let a(j) = 32*j + 1952. Determine a(-64).
-96
Let c(d) = 3*d**2 - 416*d - 3492. What is c(-8)?
28
Let i(y) = -y**3 - 46*y**2 - 55*y + 586. Determine i(-44).
-866
Let l(s) = -s**3 - 89*s**2 - 1691*s + 49. What is l(-27)?
508
Let a(u) = 11*u**2 - 754*u - 7682. Give a(-9).
-5
Let i(t) = 2*t**2 - 37*t + 1768. Determine i(36).
3028
Let g(u) = 30*u**3 - 15*u**2 - 3*u - 1. What is g(2)?
173
Let a(y) = y**3 + 47*y**2 - 261*y - 70. What is a(-52)?
-18
Let n(f) = -f**3 + 400*f**2 + 1038*f + 68920. What is n(403)?
7
Let v(h) = h**3 - 11*h**2 + 106*h - 26. Give v(0).
-26
Let z(t) = 49044*t - 294292. Give z(6).
-28
Let q(z) = z**2 + 366*z - 63316. Determine q(128).
-84
Let t(h) = 58*h**2 + 9169*h - 8425. Give t(-159).
2
Let l(b) = -b**2 - 5*b + 1305. What is l(-32)?
441
Let z(p) = p**3 - 300*p**2 - 7083*p + 104. What is z(-22)?
82
Let x(s) = s**2 + 2059*s - 69040. Give x(33).
-4
Let u(x) = 27*x**2 + 94*x + 16. Determine u(-5).
221
Let v(x) = 7*x**2 - 7674*x + 709909. Determine v(102).
-11
Let q(r) = r**2 - 1422*r + 56634. Give q(1381).
13
Let p(r) = -17895*r - 196899. Determine p(-11).
-54
Let t(q) = 100*q**2 + 231*q - 480. What is t(2)?
382
Let k(a) = 1771*a - 95644. What is k(54)?
-10
Let l(v) = -5325*v - 175726. Determine l(-33).
-1
Let k(j) = j**3 - 264*j**2 - 1085*j + 3502. Determine k(268).
18
Let f(r) = -2*r**3 - 5*r**2 + 137*r + 1435. Determine f(-14).
4025
Let k(n) = -2313*n + 1207376. Determine k(522).
-10
Let g(c) = -2*c**3 - 82*c**2 + 2519*c - 8613. What is g(4)?
23
Let f(g) = 2191*g + 13007. Determine f(-6).
-139
Let f(v) = -35*v**3 + 237*v**2 - 76*v + 7. Give f(6).
523
Let q(h) = -276*h - 85897. Determine q(-312).
215
Let g(d) = -2*d**3 + 1009*d**2 + 9753*d + 6689. What is g(514)?
7
Let u(t) = -259*t + 157726. Calculate u(609).
-5
Let n(y) = -5214*y - 1480767. What is n(-284)?
9
Let k(r) = 34*r**3 - 14*r**2 + 46*r - 32. Determine k(3).
898
Let p(w) = 24*w**2 - 3222*w + 832. What is p(134)?
28
Let y(n) = -3*n**3 - 656*n**2 + 205*n - 3107. Give y(-219).
-41
Let g(m) = -3*m**2 - 5*m + 392. What is g(7)?
210
Let z(r) = 23684*r + 47391. Determine z(-2).
23
Let d(g) = -116492*g + 39. Calculate d(0).
39
Let c(l) = 824*l - 24354. Calculate c(30).
366
Let a(b) = 340*b + 13025. What is a(-36)?
785
Let o(t) = -2*t**3 - 1117*t**2 + 29768*t - 9492. What is o(-584)?
-148
Let f(q) = -1640*q + 62314. Calculate f(38).
-6
Let y(b) = b**3 - 928*b**2 + 4220*b - 484181. Give y(924).
-5
Let h(t) = -21904*t + 87217. Calculate h(4).
-399
Let f(i) = -i**2 + 6*i + 4859. Determine f(73).
-32
Let y(n) = -n**2 + 3409*n - 692680. Give y(217).
-16
Let q(n) = -11*n**3 - 233*n**2 - 79*n - 772. Give q(-21).
5
Let x(o) = 124*o - 16698. Give x(149).
1778
Let q(w) = -83758*w - 1088803. What is q(-13)?
51
Let y(x) = -8*x**3 + 353*x**2 - 48*x - 14587. Give y(43).
-10
Let v(y) = y**3 - 31*y**2 + 82*y - 350. Calculate v(29).
346
Let x(z) = 2*z**2 + 8949*z + 107101. What is x(-12)?
1
Let g(y) = -307*y**2 + 47*y + 47. Calculate g(-1).
-307
Let r(p) = 7*p**3 + 116*p**2 - 119*p + 177. Give r(-18).
-921
Let f(l) = 7*l**2 - 224*l + 919. Determine f(5).
-26
Let s(x) = 1411*x + 47723. Give s(-34).
-251
Let l(r) = r**2 - 563665*r + 13. Calculate l(0).
13
Let w(s) = -5295*s - 3060517. Give w(-578).
-7
Let x(r) = 365*r**3 - 1464*r**2 + 7*r - 1. Give x(4).
-37
Let i(t) = 149*t**3 + 20858*t**2 - 281*t - 171. What is i(-140)?
-31
Let b(f) = 964623*f + 34726429. Calculate b(-36).
1
Let t(d) = -d**3 - 36*d**2 + 76*d - 564. Give t(-39).
1035
Let m(a) = 4474*a + 58185. Give m(-13).
23
Let o(d) = -2*d**3 - 274*d**2 - 610*d - 8344. Give o(-135).
1106
Let j(p) = -p**3 + 78*p**2 + 101*p - 476. Determine j(79).
1262
Let j(p) = -2954*p + 6112. Calculate j(2).
204
Let y(v) = -2*v**2 - 311*v - 6849. What is y(-22)?
-975
Let k(u) = 3*u**2 - 3*u - 4416. What is k(45)?
1524
Let z(x) = -2*x**2 - 203*x + 26812. Determine z(76).
-168
Let b(l) = 274769*l + 274734. Calculate b(-1).
-35
Let z(i) = 15*i**3 + 6*i**2 + 95*i + 297. Determine z(-3).
-339
Let g(a) = -14*a - 2162. Calculate g(-147).
-104
Let d(o) = o**3 - 1315*o**2 - 13252*o - 28. Calculate d(-10).
-8
Let r(q) = 6*q**2 - 644*q + 12811. What is r(81)?
13
Let q(w) = -4*w**3 - 953*w**2 - 231*w + 1906. Give q(-238).
240
Let o(d) = -2873*d - 416600. Determine o(-145).
-15
Let o(u) = -6*u**3 + 103*u**2 - 306*u - 109. What is o(4)?
-69
Let t(h) = -3*h**2 + 108*h + 5099. Give t(-24).
779
Let j(l) = l**2 + 206*l - 10148. Give j(47).
1743
Let m(d) = -3*d**2 - 32613*d + 97861. What is m(3)?
-5
Let f(b) = 3302*b + 23162. Determine f(-7).
48
Let k(s) = 2406*s - 649431. Determine k(270).
189
Let x(y) = 51*y - 1250. Determine x(20).
-230
Let p(l) = 3*l**2 - 184*l + 2842. Determine p(31).
21
Let w(j) = 89321*j + 2054365. What is w(-23)?
-18
Let q(k) = 218*k + 6175. Determine q(-29).
-147
Let m(t) = 4*t**3 + 186*t**2 - 90*t - 8218. Give m(-46).
154
Let c(l) = -2*l**3 + 329*l**2 + 186*l - 3527. What is c(165)?
-62
Let r(p) = 194*p - 604. Determine r(3).
-22
Let n(t) = -t**3 - 23*t**2 + 27*t + 664. Give n(-22).
-414
Let i(j) = j**3 + 80*j**2 + 64*j + 11762. Give i(-81).
17
Let q(m) = 84*m**3 - 402*m**2 - 99*m + 47. What is q(5)?
2
Let i(b) = -4*b**2 - 8598*b + 8598. What is i(1)?
-4
Let l(m) = 7*m**3 + 786*m**2 - 12*m -